t of 249?
2
What is the ten thousands digit of 16224?
1
What is the units digit of 10488?
8
What is the units digit of 2883?
3
What is the hundreds digit of 14179?
1
What is the ten thousands digit of 60324?
6
What is the units digit of 89309?
9
What is the thousands digit of 5640?
5
What is the tens digit of 2686?
8
What is the units digit of 1412?
2
What is the hundreds digit of 1339?
3
What is the units digit of 1123?
3
What is the ten thousands digit of 10942?
1
What is the ten thousands digit of 60135?
6
What is the hundreds digit of 3195?
1
What is the hundreds digit of 1723?
7
What is the tens digit of 9701?
0
What is the units digit of 762?
2
What is the thousands digit of 1514?
1
What is the thousands digit of 1067?
1
What is the tens digit of 68848?
4
What is the thousands digit of 3432?
3
What is the thousands digit of 14356?
4
What is the ten thousands digit of 65848?
6
What is the units digit of 17666?
6
What is the hundreds digit of 4449?
4
What is the hundreds digit of 2146?
1
What is the hundreds digit of 1532?
5
What is the hundreds digit of 41616?
6
What is the tens digit of 10606?
0
What is the units digit of 2936?
6
What is the tens digit of 1106?
0
What is the units digit of 9314?
4
What is the tens digit of 1462?
6
What is the hundreds digit of 3322?
3
What is the thousands digit of 1537?
1
What is the hundreds digit of 47019?
0
What is the ten thousands digit of 93584?
9
What is the tens digit of 621?
2
What is the units digit of 5127?
7
What is the tens digit of 7765?
6
What is the hundreds digit of 37188?
1
What is the tens digit of 109?
0
What is the hundred thousands digit of 126269?
1
What is the thousands digit of 1162?
1
What is the hundreds digit of 1200?
2
What is the units digit of 16442?
2
What is the thousands digit of 16674?
6
What is the hundreds digit of 18076?
0
What is the hundreds digit of 7738?
7
What is the hundreds digit of 45071?
0
What is the units digit of 5195?
5
What is the thousands digit of 4203?
4
What is the units digit of 18132?
2
What is the thousands digit of 1296?
1
What is the units digit of 732?
2
What is the thousands digit of 1678?
1
What is the hundreds digit of 1083?
0
What is the units digit of 101245?
5
What is the ten thousands digit of 14987?
1
What is the thousands digit of 1536?
1
What is the ten thousands digit of 27184?
2
What is the units digit of 4768?
8
What is the units digit of 82946?
6
What is the thousands digit of 3379?
3
What is the units digit of 6630?
0
What is the hundreds digit of 1348?
3
What is the hundreds digit of 57336?
3
What is the hundreds digit of 6321?
3
What is the ten thousands digit of 19544?
1
What is the hundreds digit of 170?
1
What is the hundreds digit of 862?
8
What is the units digit of 5777?
7
What is the thousands digit of 2219?
2
What is the units digit of 1266?
6
What is the units digit of 1303?
3
What is the hundreds digit of 634?
6
What is the units digit of 1173?
3
What is the thousands digit of 4266?
4
What is the tens digit of 22886?
8
What is the tens digit of 38473?
7
What is the thousands digit of 2060?
2
What is the thousands digit of 10725?
0
What is the hundreds digit of 1780?
7
What is the tens digit of 916?
1
What is the tens digit of 2333?
3
What is the thousands digit of 1021?
1
What is the thousands digit of 3343?
3
What is the thousands digit of 21122?
1
What is the units digit of 2629?
9
What is the tens digit of 1920?
2
What is the hundreds digit of 12614?
6
What is the thousands digit of 94584?
4
What is the units digit of 105451?
1
What is the units digit of 701?
1
What is the ten thousands digit of 76971?
7
What is the tens digit of 13261?
6
What is the units digit of 665?
5
What is the thousands digit of 1317?
1
What is the hundreds digit of 8309?
3
What is the hundreds digit of 6192?
1
What is the tens digit of 2060?
6
What is the thousands digit of 3179?
3
What is the units digit of 13137?
7
What is the tens digit of 65?
6
What is the hundreds digit of 2479?
4
What is the hundreds digit of 7116?
1
What is the thousands digit of 2852?
2
What is the ten thousands digit of 34302?
3
What is the hundreds digit of 2407?
4
What is the thousands digit of 1539?
1
What is the ten thousands digit of 11565?
1
What is the tens digit of 1279?
7
What is the thousands digit of 24172?
4
What is the hundreds digit of 2825?
8
What is the hundreds digit of 8705?
7
What is the hundreds digit of 6775?
7
What is the hundreds digit of 626?
6
What is the thousands digit of 13186?
3
What is the tens digit of 25846?
4
What is the thousands digit of 20651?
0
What is the units digit of 18591?
1
What is the units digit of 5?
5
What is the ten thousands digit of 10379?
1
What is the tens digit of 2687?
8
What is the tens digit of 119541?
4
What is the thousands digit of 4189?
4
What is the hundreds digit of 498?
4
What is the units digit of 718?
8
What is the thousands digit of 1523?
1
What is the tens digit of 66538?
3
What is the hundreds digit of 1553?
5
What is the hundreds digit of 9823?
8
What is the thousands digit of 8242?
8
What is the thousands digit of 1061?
1
What is the units digit of 211?
1
What is the units digit of 5720?
0
What is the thousands digit of 11194?
1
What is the thousands digit of 30261?
0
What is the ten thousands digit of 36272?
3
What is the hundreds digit of 1888?
8
What is the hundreds digit of 14528?
5
What is the hundreds digit of 59153?
1
What is the thousands digit of 21586?
1
What is the units digit of 734?
4
What is the tens digit of 1112?
1
What is the ten thousands digit of 108513?
0
What is the hundreds digit of 13836?
8
What is the hundreds digit of 42956?
9
What is the thousands digit of 3461?
3
What is the thousands digit of 38172?
8
What is the hundreds digit of 2534?
5
What is the thousands digit of 2653?
2
What is the tens digit of 10919?
1
What is the ten thousands digit of 46436?
4
What is the units digit of 112290?
0
What is the tens digit of 2875?
7
What is the hundreds digit of 12570?
5
What is the hundreds digit of 3481?
4
What is the tens digit of 20987?
8
What is the ten thousands digit of 36607?
3
What is the tens digit of 444?
4
What is the hundreds digit of 2877?
8
What is the hundreds digit of 38132?
1
What is the units digit of 6119?
9
What is the hundreds digit of 791?
7
What is the units digit of 8364?
4
What is the units digit of 10441?
1
What is the hundreds digit of 3321?
3
What is the units digit of 1518?
8
What is the thousands digit of 53700?
3
What is the thousands digit of 5263?
5
What is the thousands digit of 18007?
8
What is the tens digit of 43508?
0
What is the hundreds digit of 63859?
8
What is the hundreds digit of 52404?
4
What is the units digit of 3577?
7
What is the tens digit of 5800?
0
What is the units digit of 9595?
5
What is the tens digit of 1057?
5
What is the units digit of 64?
4
What is the ten thousands digit of 36947?
3
What is the hundreds digit of 647?
6
What is the tens digit of 1684?
8
What is the hundreds digit of 15060?
0
What is the thousands digit of 2551?
2
What is the thousands digit of 8492?
8
What is the tens digit of 3395?
9
What is the units digit of 1923?
3
What is the units digit of 6310?
0
What is the hundreds digit of 1427?
4
What is the ten thousands digit of 34880?
3
What is the units digit of 1137?
7
What is the thousands digit of 19865?
9
What is the units digit of 27179?
9
What is the ten thousands digit of 34973?
3
What is the hundreds digit of 438?
4
What is the hundreds digit of 1281?
2
What is the tens digit of 7925?
2
What is the units digit of 26545?
5
What is the hundred thousands digit of 125318?
1
What is the ten thousands digit of 56593?
5
What is the thousands digit of 5573?
5
What is the hundreds digit of 211?
2
What is the units digit of 14305?
5
What is the thousands digit of 5733?
5
What is the hundreds digit of 508?
5
What is the tens digit of 26889?
8
What is the units digit of 6825?
5
What is the units digit of 10954?
4
What is the units digit of 31113?
3
What is the hundreds digit of 112202?
2
What is the units digit of 573?
3
What is the units digit of 18293?
3
What is the units digit of 439?
9
What is the thousands digit of 1550?
1
What is the units digit of 3180?
0
What is the units digit of 2563?
3
Wha